{"id":786,"date":"2021-05-22T18:20:54","date_gmt":"2021-05-22T15:20:54","guid":{"rendered":"https:\/\/spasiauliai.lt\/?post_type=product&#038;p=786"},"modified":"2022-09-13T12:11:20","modified_gmt":"2022-09-13T09:11:20","slug":"mobili-halo-terapijos-iranga-profesionali-ir-buitine","status":"publish","type":"product","link":"https:\/\/spasiauliai.lt\/?product=mobili-halo-terapijos-iranga-profesionali-ir-buitine","title":{"rendered":"Mobili haloterapijos \u012franga (profesionali ir buitin\u0117)"},"content":{"rendered":"<p>Haloterapija (Drusk\u0173 terapija). Kas tai?<\/p>\n<p>Haloterapijos seanso metu pu\u010diamas sausos druskos molekul\u0117s susmulkintos iki nano daleli\u0173.<\/p>\n<p><strong>Haloterapijos seansas. <\/strong><\/p>\n<p>Tai nevaistinis fizin\u0117s gerov\u0117s u\u017etikrinimo metodas, sukurtas naudojant susmulkintas iki nano daleli\u0173 drusk\u0173 aerozolis. Pagrindinis \u0161io metodo veiksnys &#8211; seanso metu kv\u0117puojame druskos nano dalel\u0117mis, patenka iki smulki\u0173 bronch\u0173 ir pagerina virpamojo epitelio funkcij\u0105. Druska pasi\u017eymi prie\u0161u\u017edegiminiu, bronchus atpalaiduojan\u010diu, gleives skystinan\u010diu, u\u017edegim\u0105 ma\u017einan\u010diu poveikiu, saugo kv\u0117pavimo takus nuo infekcij\u0173.\u00a0 Druskos dalel\u0117s tokios ma\u017eos, kad per kv\u0117pavimo takus patenka iki smulki\u0173j\u0173 bronch\u0173, bronhial\u0173, alveoli\u0173 d\u0117l to \u017emogus ima lengviau atsikos\u0117ti, pradeda valytis bronchai, pasidaro lengviau kv\u0117puoti, NaCl susilietus alveol\u0117se su surfaktantu vyksta chemin\u0117s reakcijos, valosi alveol\u0117s.<\/p>\n<p>Kv\u0117pavimo sistemos ligos yra vienos da\u017eniausi\u0173 ir u\u017eima 3-4 viet\u0105 pagal sergamum\u0105, var\u017eosi su \u0161irdies ir kraujagysli\u0173 ligomis, infekcijomis bei v\u0117\u017einiais susirgimais. Kv\u0117pavimo tak\u0173 ligas sukelia \u012fvair\u016bs virusai (rinovirusai, koronavirusai, respiracinis sincitinis virusas, gripo virusas, paragripo virusas) bei bakterijos (Chlamydia pneumoniae, Boroletella pertussis, Mycoplasma pneumoniae, Mycobacterium tuberculosis ir kt.) arba negalavimai i\u0161sivysto d\u0117l kit\u0173 l\u0117tini\u0173 lig\u0173, pvz. astmos. Persirgus korono virusu, pniaumonija \u2013 pa\u017eeistus plau\u010dius galima atstatyti tik halaterapija ir fosfolipidais.<\/p>\n<p>Haloterapija rekomenduojama jei jus vargina:<\/p>\n<ul>\n<li>Virusini\u0173 infekcij\u0173 ir per\u0161alimo lig\u0173 profilaktikai<\/li>\n<li>L\u0117tin\u0117s plau\u010di\u0173 ligos<\/li>\n<li>Pneumonija<\/li>\n<li>Bronchin\u0117 astma<\/li>\n<li>Kv\u0117pavimo tak\u0173 ligos<\/li>\n<li>Acidoz\u0117 (u\u017er\u016bk\u0161tintas organizmas)<\/li>\n<li>Hipoksija (degonies badas)<\/li>\n<li>Sinusitas, faringitas, rinitas<\/li>\n<li>Kv\u0117pavimo tak\u0173 valymui nuo atmosferos u\u017eter\u0161tumo, tabako d\u016bm\u0173<\/li>\n<li>Alergini\u0173 susirgim\u0173 profilaktikai<\/li>\n<li>Odos susirgim\u0173 profilaktikai<\/li>\n<li>\u017dvynelin\u0117<\/li>\n<li>Atopinis dermatitai<\/li>\n<li>Imuniteto stiprinimui<\/li>\n<li>Alergin\u0117 sloga<\/li>\n<li>Riebalin\u0117 sebor\u0117ja<\/li>\n<li>Brendimo spuogai<\/li>\n<li>Vegetatyvin\u0117s nerv\u0173 sistemos harmonizavimui<\/li>\n<li>Blogas miegas, stresas, nervin\u0117 \u012ftampa<\/li>\n<li>Psichin\u0117s ir emocin\u0117s b\u016bkl\u0117s gerinimui<\/li>\n<li>L\u0117tinis nuovargis<\/li>\n<\/ul>\n<p>\u200bRekomenduojamas 10-20 haloterapijos seans\u0173 kursas.<\/p>\n<p>Seansas &#8211; Haloterapijos \/ Vaikui &#8211; trukm\u0117 30 min. Suaugusiam \u2013 trukm\u0117 45 min.<\/p>\n<h3><strong>Haloterapija netinka:<\/strong><\/h3>\n<p>Turintys kraujavim\u0105 i\u0161 plau\u010di\u0173, sunk\u0173 \u0161irdies, kv\u0117pavimo nepankamum\u0105. Sergant sunkiomis inkst\u0173 ligomis.<\/p>\n<h3><strong>\u0160iek tiek istorijos.<\/strong><\/h3>\n<p>1843 m. lenk\u0173 gydytojas F.Bo\u010dkovskis i\u0161sak\u0117 prielaid\u0105, kad drusk\u0173 kasykl\u0173 oras, prisotintas drusk\u0173 dalel\u0117mis, pasi\u017eymi gydymosiomis savyb\u0117mis ir gali b\u016bti naudojamas gydant kv\u0117pavimo organ\u0173 ligas. Jis Veli\u010dkoje (netoli Krokuvos), kurioje yra garsios drusk\u0173 kasyklos, \u012fk\u016br\u0117 gydykl\u0105, kurioje buvo gydomi ligoniai, sergantys \u012fvairiomis kv\u0117pavimo organ\u0173 ligomis. Speleoterapija (gydymas drusk\u0173 kasykl\u0173 mikroklimato s\u0105lygomis) \u0161iuo metu naudojama ten, kur yra drusk\u0173 kasyklos \u2013 Veli\u010dka (Lenkija), Solotvino (Ukraina), Berezniaki (Rusija), Bad Hastein (Vokietija), Solbad (Austrija) ir kitose \u0161alyse. Nustatyta, kad pagrindinis gydomasis faktorius yra \u0161i\u0173 kasykl\u0173 oras, prisotintas akmens duskos dalel\u0117mis. 20 am\u017eiaus\u00a0 9-ajame de\u0161imtmetyje buvo prad\u0117ti bandymai, siekiant atkurti drusk\u0173 kasykl\u0173 mikroklimat\u0105 dirbtin\u0117mis s\u0105lygomis. Kadangi pagrindinius \u0161io metodo veiksnys yra sausas drusk\u0173 aerozolis, \u0161is metodas buvo pavadintas \u201ehaloterapija\u201c (\u201ehals\u201c \u2013 graik. \u201edruska\u201c). \u0160is pavadinimas atspindi pagrindin\u012f speleoterapijos faktori\u0173 \u2013 nat\u016bralios akmens druskos sauso auk\u0161to dispersi\u0161kumo aerozol\u012f, kurio parametrai atitinka drusk\u0173 kasykl\u0173 mikroklimato s\u0105lygas. Specialiai \u012frengtos patalpos, kuriose\u00a0 taikomas haloterapijos metodas, buvo pavadintos \u201ehalokamera\u201c , \u201ehalokompleksas\u201c (taip pat ir kiti pavadinimai \u2013 speleokamera, drusk\u0173 grotos, drusk\u0173 uola). Per daugel\u012f met\u0173 sukaupta patirtis leido \u017eenkliai patobulinti haloterapijos metod\u0105 ir \u012frang\u0105\u00a0 \u0161iam metodui realizuoti. \u0160iuolaikiniu dirbtinio drusk\u0173 kasykl\u0173 mikroklimato taikymo standartu tapo\u00a0 kontroliuojamos haloterapijos metodas, kurio pagalba kontroliuojami halokameros mikroklimato parametrai, kurie yra\u00a0 analogi\u0161ki gamtiniams parametrams. Kontroliuojamos haloterapijos metodas realizuojamas \u012frengiant halokameras ir naudojant halogeneratorius.<\/p>\n<p>&nbsp;<\/p>\n<p>Teigiama, kad 20 minu\u010di\u0173, praleist\u0173 drusk\u0173 kambaryje, organizmui suteikia tok\u012f poveik\u012f, kaip praleidus 5 dienas paj\u016bryje.<\/p>\n","protected":false},"excerpt":{"rendered":"<p>Analogo neturintis unikalus Japon\u0173 mokslinink\u0173 sukurtas \u012frenginys atstatantis korono viruso pa\u017eeistus plau\u010dius &#8211; atskleista Japon\u0173 ilgaam\u017ei\u0161kumo paslaptis (vir\u0161 milijono japon\u0173, gyvena daugiau nei 100 met\u0173).<\/p>\n<p>Dabar gali tur\u0117ti namuose kiekviena \u0161eima.<\/p>\n","protected":false},"featured_media":791,"template":"","meta":[],"product_brand":[],"product_cat":[16],"product_tag":[],"class_list":{"0":"post-786","1":"product","2":"type-product","3":"status-publish","4":"has-post-thumbnail","6":"product_cat-visi","8":"first","9":"instock","10":"taxable","11":"shipping-taxable","12":"purchasable","13":"product-type-variable"},"_links":{"self":[{"href":"https:\/\/spasiauliai.lt\/index.php?rest_route=\/wp\/v2\/product\/786","targetHints":{"allow":["GET"]}}],"collection":[{"href":"https:\/\/spasiauliai.lt\/index.php?rest_route=\/wp\/v2\/product"}],"about":[{"href":"https:\/\/spasiauliai.lt\/index.php?rest_route=\/wp\/v2\/types\/product"}],"wp:featuredmedia":[{"embeddable":true,"href":"https:\/\/spasiauliai.lt\/index.php?rest_route=\/wp\/v2\/media\/791"}],"wp:attachment":[{"href":"https:\/\/spasiauliai.lt\/index.php?rest_route=%2Fwp%2Fv2%2Fmedia&parent=786"}],"wp:term":[{"taxonomy":"product_brand","embeddable":true,"href":"https:\/\/spasiauliai.lt\/index.php?rest_route=%2Fwp%2Fv2%2Fproduct_brand&post=786"},{"taxonomy":"product_cat","embeddable":true,"href":"https:\/\/spasiauliai.lt\/index.php?rest_route=%2Fwp%2Fv2%2Fproduct_cat&post=786"},{"taxonomy":"product_tag","embeddable":true,"href":"https:\/\/spasiauliai.lt\/index.php?rest_route=%2Fwp%2Fv2%2Fproduct_tag&post=786"}],"curies":[{"name":"wp","href":"https:\/\/api.w.org\/{rel}","templated":true}]}}