{"id":213,"date":"2019-07-27T18:53:39","date_gmt":"2019-07-27T15:53:39","guid":{"rendered":"https:\/\/spasiauliai.lt\/?post_type=product&#038;p=213"},"modified":"2021-06-04T14:45:21","modified_gmt":"2021-06-04T11:45:21","slug":"mobili-pirtis","status":"publish","type":"product","link":"https:\/\/spasiauliai.lt\/?product=mobili-pirtis","title":{"rendered":"Mobili Pirtis"},"content":{"rendered":"<p>KOMPLEKTACIJA:<\/p>\n<p>* Nerudijanti konstrukcija.<br \/>\n* Lavsano med\u017eiaga (jis yra atsparus ir gana stiprus, sunkiai praleid\u017eia dujas, laidumo \u0161ilumai labai ma\u017eas procentas, nedegus, ekologi\u0161kai \u0161varus ir nepavojingas sveikatai).<br \/>\n* Nerudijan\u010dio plieno efektyvi ir lengva krosnel\u0117.<br \/>\n* Kaminas.<\/p>\n<p>Viskas yra supakuota \u012f du patogius, nedidelius kelioninius krep\u0161ius, kuri\u0173 bendras svoris vos 30kg.<\/p>\n<p>** \u012e komplekt\u0105 ne\u012feina masa\u017einis stalas ar medin\u0117 konstrukcija skirta sed\u0117jimui, pagal poreikius tur\u0117site pasir\u016bpinti patys.<br \/>\n_<\/p>\n<p>PAPILDOMAS APRA\u0160YMAS:<\/p>\n<p>* Vienas \u017emogus lengvai surenka per 15 &#8211; 20 minu\u010di\u0173.<br \/>\n* Lauke gali b\u016bti ir &#8211; 20C \u0161al\u010dio, bet pirtel\u0117je gal\u0117site m\u0117gautis + 80 &#8211; 120C \u0161iluma, pagal poreikius.<br \/>\n* Palapin\u0117 pagaminta i\u0161 100% lavsano.<br \/>\n* Unikalus patentuotas palapin\u0117s dur\u0173 u\u017edarymas.<br \/>\n* Vandens nepraleid\u017eiantis stogas su specialiais prie\u0161gaisriniais elementais.<br \/>\n* Vienam pirties u\u017ekurimui u\u017etenka 3-4 gl\u0117bi\u0173 saus\u0173 malk\u0173 arba 2 mai\u0161iuk\u0173 anglies.<br \/>\n* Ner\u016bdijan\u010dio plieno ilgaam\u017e\u0117 krosnel\u0117 kurenama malkomis, su centriniu kibirk\u0161\u010di\u0173 neutralizatoriumi.<br \/>\n* Nat\u016brali ventiliacija ir stiprus krosnel\u0117s darbas sudaro maloni\u0105 aplink\u0105 smagioms pirties proced\u016broms.<br \/>\n* Komplekto svoris su krosnele 30kg.<br \/>\n* Tai patentuota ir saugu. Su \u0161ia pirtimi j\u016bs\u0173 poilsis gamtoje galimas i\u0161tisus metus.<br \/>\n* Med\u017eiagai su membrana ir si\u016bl\u0117mis suteikiama 3 met\u0173 garantij\u0105.<br \/>\n_<\/p>\n<p>KAINOS IR DYD\u017dIAI:<\/p>\n<p>2m x 2m pirtis su pilna komplektacija &#8211; 790 EUR<br \/>\n4m x 2m pirtis su pilna komplektacija &#8211; 1490 EUR<\/p>\n<p>4m x 2m gali b\u016bti lengvai transformuojama &#8211; t.y. gali b\u016bti viena vientisa didel\u0117 pirties erdv\u0117, o taip pat gali b\u016bti su prie\u0161pir\u010diu, kuriame gal\u0117site smagiai pasib\u016bti.<br \/>\n_<\/p>\n<p>PRISTATYMAS:<\/p>\n<p>KAUNE IR \u0160IAULIUOSE NEMOKAMAS PRISTATYMAS \u012e J\u016aS\u0172 NAMUS!<\/p>\n<p>SIUN\u010cIAME \u012e VISUS LIETUVOS IR \u012eVAIRI\u0172 U\u017dSIENIO \u0160ALI\u0172 MIESTUS + pristatymo i\u0161laidos.<\/p>\n<p>TEIKIAME IR NUOMOS PASLAUGAS.<\/p>\n","protected":false},"excerpt":{"rendered":"<p>Norite nepriklausomai nuo sezono ir oro lauke m\u0117gautis gamtos malonumais? Savo namo kieme tur\u0117ti pastovi\u0105 arba lengvai transportuojam\u0105 pirtel\u0119? \u017dvejybos, med\u017eiokl\u0117s metu ar tiesiog su draugais laisvalaik\u012f praleisti pirties \u0161ilumos teikiamais malonumais? Pristatome pirt\u012f, kuri nustebins ir pakeis j\u016bs\u0173 nuomon\u0119.<\/p>\n<p>Pirtis gali b\u016bti pastatyta lauke i\u0161tisus metus, nes med\u017eiaga atspari dr\u0117gmei ir pel\u0117siui arba b\u016bti transportuota \u012f jums patogi\u0105 viet\u0105. Visas komplektas supakuotas \u012f du nedidelius kelioninius krep\u0161ius ir sveria vos 30kg.<\/p>\n<p>Taip pat, tai puiki i\u0161eitis \u017emon\u0117ms, kurie yra i\u0161vyk\u0119 svetur ir nenori leisti mil\u017eini\u0161k\u0173 pinig\u0173 projekt\u0173 ra\u0161ymams ir medin\u0117s pirties statybai, bet norintiems savo nuosavame kieme tur\u0117ti pilnavert\u0119 lengvai pastatom\u0105 pirtel\u0119.<\/p>\n","protected":false},"featured_media":643,"template":"","meta":[],"product_brand":[],"product_cat":[16],"product_tag":[],"class_list":{"0":"post-213","1":"product","2":"type-product","3":"status-publish","4":"has-post-thumbnail","6":"product_cat-visi","8":"first","9":"instock","10":"taxable","11":"shipping-taxable","12":"purchasable","13":"product-type-variable"},"_links":{"self":[{"href":"https:\/\/spasiauliai.lt\/index.php?rest_route=\/wp\/v2\/product\/213","targetHints":{"allow":["GET"]}}],"collection":[{"href":"https:\/\/spasiauliai.lt\/index.php?rest_route=\/wp\/v2\/product"}],"about":[{"href":"https:\/\/spasiauliai.lt\/index.php?rest_route=\/wp\/v2\/types\/product"}],"wp:featuredmedia":[{"embeddable":true,"href":"https:\/\/spasiauliai.lt\/index.php?rest_route=\/wp\/v2\/media\/643"}],"wp:attachment":[{"href":"https:\/\/spasiauliai.lt\/index.php?rest_route=%2Fwp%2Fv2%2Fmedia&parent=213"}],"wp:term":[{"taxonomy":"product_brand","embeddable":true,"href":"https:\/\/spasiauliai.lt\/index.php?rest_route=%2Fwp%2Fv2%2Fproduct_brand&post=213"},{"taxonomy":"product_cat","embeddable":true,"href":"https:\/\/spasiauliai.lt\/index.php?rest_route=%2Fwp%2Fv2%2Fproduct_cat&post=213"},{"taxonomy":"product_tag","embeddable":true,"href":"https:\/\/spasiauliai.lt\/index.php?rest_route=%2Fwp%2Fv2%2Fproduct_tag&post=213"}],"curies":[{"name":"wp","href":"https:\/\/api.w.org\/{rel}","templated":true}]}}