{"id":279,"date":"2019-08-10T09:15:02","date_gmt":"2019-08-10T06:15:02","guid":{"rendered":"https:\/\/spasiauliai.lt\/?page_id=279"},"modified":"2019-08-10T10:20:22","modified_gmt":"2019-08-10T07:20:22","slug":"pristatymas-ir-apmokejimas","status":"publish","type":"page","link":"https:\/\/spasiauliai.lt\/?page_id=279","title":{"rendered":"Pristatymas ir apmok\u0117jimas"},"content":{"rendered":"<div class=\"row\"  id=\"row-1593390811\">\n\n\n\t<div id=\"col-518538117\" class=\"col small-12 large-12\"  >\n\t\t\t\t<div class=\"col-inner\"  >\n\t\t\t\n\t\t\t\n\n<div class=\"container section-title-container\" ><h1 class=\"section-title section-title-normal\"><b><\/b><span class=\"section-title-main\" >Pristatymas ir apmok\u0117jimas<\/span><b><\/b><\/h1><\/div>\n\n<p>Pirk\u0117jas atsiskaito u\u017e prekes vienu i\u0161 \u0161i\u0173 b\u016bd\u0173:<br \/>1. U\u017e perkamas prekes atsiskaitoma per paysera.lt sistem\u0105 (pasirink\u0119 \u0161\u012f mok\u0117jimo b\u016bd\u0105 J\u016bs per paysera.lt sistem\u0105 b\u016bsite nukreipti \u012f J\u016bs\u0173 bank\u0105 ir i\u0161karto gal\u0117site atlikti atsiskaitym\u0105 u\u017e prekes, o pinigai pervedami nedelsiant). Paysera.lt bendradarbiauja su did\u017eiausiais \u0161alies bankais, taigi J\u016bs galite atsiskaityti per paysera.lt jei esate nors vieno banko klientas. Tai saugaus apmok\u0117jimo garantas. Paysera.lt suk\u016br\u0117 j\u012f tam, kad J\u016bs gal\u0117tum\u0117te b\u016bti u\u017etikrinti apmok\u0117jimo b\u016bd\u0173 gausa ir saugumu atsiskaitant internetu.<br \/>2. Atsiskaitymas banko pavedimu naudojantis elektronine bankininkyste \u2013 tai i\u0161ankstinis atsiskaitymas, kai Pirk\u0117jas, perveda pinigus \u012f el. parduotuv\u0117s banko s\u0105skait\u0105.<br \/>UAB SPA grup\u0117<br \/>\u012emon\u0117s kodas: 303422390<br \/>S\u0105skaitos Nr. LT100009041615<br \/>\u0160iauli\u0173 Bankas<br \/>Banko kodas: 71800<br \/>Mok\u0117jimas privalo b\u016bti atliktas per 48 (keturiasde\u0161imt a\u0161tuonias) valandas nuo u\u017esakymo patvirtinimo sistemoje. Kitu atveju u\u017esakymas yra at\u0161aukiamas.<br \/>Atsakomyb\u0117 u\u017e Pirk\u0117jo mok\u0117jimo metu duomen\u0173 saugum\u0105 \u0161iuo atveju tenka atitinkamam bankui, kadangi visos pinigin\u0117s operacijos vyksta banko elektronin\u0117s bankininkyst\u0117s sistemoje.<br \/>3. Pirk\u0117jas, jei jis yra juridinis asmuo, turi teis\u0119 atsiskaityti u\u017e prekes apmokant pateikt\u0105 i\u0161ankstin\u0119 s\u0105skait\u0105 (susisiekus su UAB SPA grup\u0117 el. pa\u0161tu: info@spasiauliai.lt). Gav\u0119s i\u0161ankstin\u0119 s\u0105skait\u0105 Pirk\u0117jas pinigus perveda \u012f Pardav\u0117jo s\u0105skait\u0105 i\u0161ankstin\u0117je s\u0105skaitoje nurodytu terminu. Pirk\u0117jui neapmok\u0117jus i\u0161ankstin\u0117s s\u0105skaitos joje nurodytu terminu preki\u0173 u\u017esakymas n\u0117ra vykdomas. Atsakomyb\u0117 u\u017e Pirk\u0117jo mok\u0117jimo metu duomen\u0173 saugum\u0105 \u0161iuo atveju tenka atitinkamam bankui, kadangi visos pinigin\u0117s operacijos vyksta banko elektronin\u0117s bankininkyst\u0117s sistemoje.<\/p>\n<hr noshade=\"noshade\" \/>\n<p>U\u017esakymai Lietuvoje siun\u010diami naudojantis Lietuvos pa\u0161to paslaugomis (1,99 eur), Omniva (2,49 eur) bei LP Express pa\u0161tomatais (2,49 eur) arba DPD kurjeri\u0173 paslaugomis (kaina 4,29 \u20ac). Visi u\u017esakymai u\u017e Lietuvos teritorijos rib\u0173 siun\u010diami naudojantis Lietuvos pa\u0161to teikiamomis paslaugomis (kaina 8 \u20ac).<\/p>\n<p>Prek\u0117s yra i\u0161siun\u010diamos per 2 darbo dienas nuo apmok\u0117jimo patvirtinimo. Esant poreikiui gauti prekes skubiai, pra\u0161ome kreiptis nurodytais kontaktais.<\/p>\n<p>Pirk\u0117jas \u012fsipareigoja nurodyti tiksli\u0105 preki\u0173 pristatymo viet\u0105.<\/p>\n<p>Jeigu prek\u0117s pirk\u0117jo nepasiekia arba yra pristatomos ne laiku d\u0117l nuo pardav\u0117jo nepriklausan\u010di\u0173 aplinkybi\u0173, pardav\u0117jas yra atleid\u017eiamas nuo atsakomyb\u0117s u\u017e preki\u0173 pristatymo termin\u0173 nesilaikym\u0105.<\/p>\n<p>Jeigu pirk\u0117jo gautos prek\u0117s neatitinka jo u\u017esakyt\u0173 arba yra netinkamas j\u0173 kiekis, komplektacija ar pa\u017eeista pakuot\u0117, pirk\u0117jas privalo nedelsiant informuoti pardav\u0117j\u0105 el.pa\u0161tu, pateikdamas nuotraukas.<\/p>\n<p>Preki\u0173 spalva d\u0117l pirk\u0117jo naudojamo monitoriaus nustatym\u0173 gali ne\u017eymiai skirtis.<\/p>\n\n\t\t<\/div>\n\t\t\t\t\n<style>\n#col-518538117 > .col-inner {\n  margin: 0px 0px -73px 0px;\n}\n<\/style>\n\t<\/div>\n\n\t\n\n<\/div>","protected":false},"excerpt":{"rendered":"","protected":false},"author":1,"featured_media":0,"parent":0,"menu_order":0,"comment_status":"closed","ping_status":"closed","template":"","meta":{"footnotes":""},"class_list":["post-279","page","type-page","status-publish","hentry"],"_links":{"self":[{"href":"https:\/\/spasiauliai.lt\/index.php?rest_route=\/wp\/v2\/pages\/279","targetHints":{"allow":["GET"]}}],"collection":[{"href":"https:\/\/spasiauliai.lt\/index.php?rest_route=\/wp\/v2\/pages"}],"about":[{"href":"https:\/\/spasiauliai.lt\/index.php?rest_route=\/wp\/v2\/types\/page"}],"author":[{"embeddable":true,"href":"https:\/\/spasiauliai.lt\/index.php?rest_route=\/wp\/v2\/users\/1"}],"replies":[{"embeddable":true,"href":"https:\/\/spasiauliai.lt\/index.php?rest_route=%2Fwp%2Fv2%2Fcomments&post=279"}],"version-history":[{"count":7,"href":"https:\/\/spasiauliai.lt\/index.php?rest_route=\/wp\/v2\/pages\/279\/revisions"}],"predecessor-version":[{"id":299,"href":"https:\/\/spasiauliai.lt\/index.php?rest_route=\/wp\/v2\/pages\/279\/revisions\/299"}],"wp:attachment":[{"href":"https:\/\/spasiauliai.lt\/index.php?rest_route=%2Fwp%2Fv2%2Fmedia&parent=279"}],"curies":[{"name":"wp","href":"https:\/\/api.w.org\/{rel}","templated":true}]}}