{"id":1000,"date":"2022-06-04T21:28:14","date_gmt":"2022-06-04T18:28:14","guid":{"rendered":"https:\/\/spasiauliai.lt\/?page_id=1000"},"modified":"2022-06-04T21:36:10","modified_gmt":"2022-06-04T18:36:10","slug":"ugnies-stichija","status":"publish","type":"page","link":"https:\/\/spasiauliai.lt\/?page_id=1000","title":{"rendered":"Ugnies stichija"},"content":{"rendered":"<div class=\"container section-title-container\" style=\"margin-bottom:22px;\"><h1 class=\"section-title section-title-normal\"><b><\/b><span class=\"section-title-main\" >Ugnies stichija<\/span><b><\/b><\/h1><\/div>\n\n<p style=\"text-align: center;\"><span style=\"color: #000000;\"><strong>UGNIES proced\u016bros atliekamos tik termin\u0117je (pirties, iki 50 \u00b0C) zonoje.<\/strong><\/span><\/p>\n<div class=\"row align-middle align-center\"  id=\"row-1754296681\">\n\n\n\t<div id=\"col-1289983405\" class=\"col medium-9 small-12 large-9\"  >\n\t\t\t\t<div class=\"col-inner\"  >\n\t\t\t\n\t\t\t\n\n<h3><strong>\u0160okolado masa\u017eas<\/strong><\/h3>\n<p>\u0160is masa\u017eas \u00a0pad\u0117s ne tik atsipalaiduoti, nuraminti \u012fsitempus\u012f k\u016bn\u0105 bei m\u0117gautis maloniais kvapais, ta\u010diau taip pat suteiks organizmui nauding\u0173 savybi\u0173.<\/p>\n<p>Masa\u017eo metu naudojamos kakavos sud\u0117tyje esan\u010di\u0173 veikli\u0173j\u0173 med\u017eiag\u0173 kompleksas neleis odai \u0161erpetoti, suaktyvins l\u0105steli\u0173 regeneracij\u0105, padidins elastingum\u0105 ir suteiks odai geresn\u012f tonus\u0105.<\/p>\n<p>\u0160okolado kvapas teigiamai veikia centrin\u0119 nerv\u0173 sistem\u0105, ma\u017eina nuovarg\u012f, suteikia papildomos energijos, kelia nuotaik\u0105, stimuliuoja protin\u012f ir fizin\u012f paj\u0117gum\u0105. Taip pat, suteikia dr\u0117kinam\u0105j\u012f, regeneruojam\u0105j\u012f ir anticeliulitin\u012f efekt\u0105, tonizuoja, pa\u0161alina negyvas odos l\u0105steles, ir mink\u0161tina od\u0105.<\/p>\n\n\t\t<\/div>\n\t\t\t\t\n<style>\n#col-1289983405 > .col-inner {\n  margin: 0px 0px -29px 0px;\n}\n<\/style>\n\t<\/div>\n\n\t\n\n\t<div id=\"col-945501727\" class=\"col medium-3 small-12 large-3\"  >\n\t\t\t\t<div class=\"col-inner\"  >\n\t\t\t\n\t\t\t\n\n<h3 style=\"text-align: center;\"><strong>60 min. &nbsp; Kaina: 42,00 \u20ac<\/strong><\/h3>\n\n\t\t<\/div>\n\t\t\t\t\n<style>\n#col-945501727 > .col-inner {\n  margin: 0px 0px -42px 0px;\n}\n<\/style>\n\t<\/div>\n\n\t\n\n<\/div>\n<div class=\"is-divider divider clearfix\" style=\"margin-top:1.3em;margin-bottom:1.3em;max-width:100%;height:1px;background-color:rgb(46, 46, 46);\"><\/div>\n\n<div class=\"row align-middle align-center\"  id=\"row-1426503689\">\n\n\n\t<div id=\"col-1112736184\" class=\"col medium-9 small-12 large-9\"  >\n\t\t\t\t<div class=\"col-inner\"  >\n\t\t\t\n\t\t\t\n\n<h3><strong>Medaus masa\u017eas<\/strong><\/h3>\n<p>Medus yra populiarus nat\u016bralios medicinos vaistas. Savo sud\u0117tyje jis turi veikli\u0173j\u0173 jungini\u0173, kurie padeda kovoti su mikrobais ir virusais. Medicinoje yra \u017einomos ir prie\u0161u\u017edegimin\u0117s medaus savyb\u0117s, kurios mal\u0161ina skausm\u0105 ir atpalaiduoja.<\/p>\n<p>Medaus masa\u017eo poveikis:\u00a0kraujo cirkuliacijos ir limfos apytakos gerinimas; audini\u0173 apr\u016bpinimas vitaminais ir mineralin\u0117mis med\u017eiagomis; organizmo valymas nuo toksin\u0173; med\u017eiag\u0173 apykaitos gerinimas; imuniteto stiprinimas; poodyje atsiradusi\u0173 s\u0105aug\u0173 pa\u0161alinimas.<\/p>\n<p>Medaus masa\u017eas taikomas:\u00a0celiulito gydymui, plau\u010di\u0173 ligoms gydyti, neutralizuoti kasdienin\u0117s \u012ftampos ir streso padarinius, nuovargiui pa\u0161alinti, gr\u0105\u017einti k\u016bnui lengvum\u0105 ir atgaiv\u0105.<\/p>\n\n\t\t<\/div>\n\t\t\t\t\n<style>\n#col-1112736184 > .col-inner {\n  margin: 0px 0px -29px 0px;\n}\n<\/style>\n\t<\/div>\n\n\t\n\n\t<div id=\"col-818951479\" class=\"col medium-3 small-12 large-3\"  >\n\t\t\t\t<div class=\"col-inner\"  >\n\t\t\t\n\t\t\t\n\n<h3 style=\"text-align: center;\"><strong>60 min. &nbsp; Kaina: 42,00 \u20ac<\/strong><\/h3>\n\n\t\t<\/div>\n\t\t\t\t\n<style>\n#col-818951479 > .col-inner {\n  margin: 0px 0px -42px 0px;\n}\n<\/style>\n\t<\/div>\n\n\t\n\n<\/div>\n<div class=\"is-divider divider clearfix\" style=\"margin-top:1.3em;margin-bottom:1.3em;max-width:100%;height:1px;background-color:rgb(46, 46, 46);\"><\/div>\n\n<div class=\"row align-middle align-center\"  id=\"row-553496951\">\n\n\n\t<div id=\"col-694563834\" class=\"col medium-9 small-12 large-9\"  >\n\t\t\t\t<div class=\"col-inner\"  >\n\t\t\t\n\t\t\t\n\n<h3><strong>Masa\u017eas Vaisi\u0173 pasaka<\/strong><\/h3>\n<p>Tai citrusini\u0173 vaisi\u0173 \u2013 apelsin\u0173, citrin\u0173 ir greipfrut\u0173 \u2013 proced\u016bra k\u016bnui, kuri pasi\u017eymi ne tik od\u0105 skaistinan\u010diomis, jauninan\u010diomis ir stangrinan\u010diomis savyb\u0117mis, bet ir veikia \u017emogaus organizm\u0105 raminan\u010diai, kelia nuotaik\u0105 bei skatina optimizm\u0105. \u0160ios proced\u016bros metu galima kaskart rinktis skirting\u0105 k\u016bno kauk\u0119 (apelsin\u0173, citrin\u0173 arba greipfrut\u0173 kvapo), tod\u0117l citrusini\u0173 vaisi\u0173 kvap\u0173 puok\u0161t\u0117 visada atsiskleis vis kitomis spalvomis.<\/p>\n\n\t\t<\/div>\n\t\t\t\t\n<style>\n#col-694563834 > .col-inner {\n  margin: 0px 0px -29px 0px;\n}\n<\/style>\n\t<\/div>\n\n\t\n\n\t<div id=\"col-1804741657\" class=\"col medium-3 small-12 large-3\"  >\n\t\t\t\t<div class=\"col-inner\"  >\n\t\t\t\n\t\t\t\n\n<h3 style=\"text-align: center;\"><strong>60 min. &nbsp; Kaina: 42,00 \u20ac<\/strong><\/h3>\n\n\t\t<\/div>\n\t\t\t\t\n<style>\n#col-1804741657 > .col-inner {\n  margin: 0px 0px -42px 0px;\n}\n<\/style>\n\t<\/div>\n\n\t\n\n<\/div>\n<div class=\"is-divider divider clearfix\" style=\"margin-top:1.3em;margin-bottom:1.3em;max-width:100%;height:1px;background-color:rgb(46, 46, 46);\"><\/div>\n\n<div class=\"row align-middle align-center\"  id=\"row-519640861\">\n\n\n\t<div id=\"col-256018176\" class=\"col medium-9 small-12 large-9\"  >\n\t\t\t\t<div class=\"col-inner\"  >\n\t\t\t\n\t\t\t\n\n<h3><strong>Druskos pilingas<\/strong><\/h3>\n<p>Pasak senov\u0117s Ryt\u0173 i\u0161minties,\u00a0druska ne\u00a0tik turi\u00a0\u012fvairi\u0173 gydom\u0173j\u0173 savybi\u0173,\u00a0tuo pa\u010diu ji\u00a0puikiai sugeria \u012f save\u00a0neigiam\u0105 energij\u0105, tad labai tinka po \u012ftemptos darbo dienos.<\/p>\n<p>M\u016bs\u0173 naudojamos druskos k\u016bnui yra praturtintos kedro, sibirin\u0117s pu\u0161ies aliejais, kadagio ekstraktu, \u0161altalankio ekstraktu, intensyviai valo ir nu\u0161vei\u010dia od\u0105. Sud\u0117tyje esan\u010di\u0173 ekstrakt\u0173 d\u0117ka mink\u0161tina, maitina, atstato od\u0105. Tai nepakartojama priemon\u0117 k\u016bno odos prie\u017ei\u016brai, efektyviai stangrina, tonizuoja, dr\u0117kina od\u0105.\u00a0Geresniems rezultatams pasiekti rekomenduojama naudoti po pirties ar vonios proced\u016br\u0173.<\/p>\n\n\t\t<\/div>\n\t\t\t\t\n<style>\n#col-256018176 > .col-inner {\n  margin: 0px 0px -29px 0px;\n}\n<\/style>\n\t<\/div>\n\n\t\n\n\t<div id=\"col-86728344\" class=\"col medium-3 small-12 large-3\"  >\n\t\t\t\t<div class=\"col-inner\"  >\n\t\t\t\n\t\t\t\n\n<h3 style=\"text-align: center;\"><strong>60 min. &nbsp; Kaina: 42,00 \u20ac<\/strong><\/h3>\n\n\t\t<\/div>\n\t\t\t\t\n<style>\n#col-86728344 > .col-inner {\n  margin: 0px 0px -42px 0px;\n}\n<\/style>\n\t<\/div>\n\n\t\n\n<\/div>\n<div class=\"is-divider divider clearfix\" style=\"margin-top:1.3em;margin-bottom:1.3em;max-width:100%;height:1px;background-color:rgb(46, 46, 46);\"><\/div>\n\n<div class=\"row align-middle align-center\"  id=\"row-1756463865\">\n\n\n\t<div id=\"col-1138508626\" class=\"col medium-9 small-12 large-9\"  >\n\t\t\t\t<div class=\"col-inner\"  >\n\t\t\t\n\t\t\t\n\n<h3><strong>Kar\u0161t\u0173 akmen\u0173 viso k\u016bno masa\u017eas<\/strong><\/h3>\n<p>Efektyvumui pasiekti masa\u017eas atliekamas tik termin\u0117je aplinkoje: marmurin\u0117je pirtyje, kuri \u012fkaista iki 50 laipsni\u0173. Tokiu b\u016bdu \u0161ildomas k\u016bnas ir i\u0161 apa\u010dios. Akmenys \u012fkaitinami iki 50 \u2013 60\u00b0C, tuomet dedami ant tam tikr\u0173 k\u016bno ta\u0161k\u0173. Masa\u017euotojas daro nestiprius judesius akmenimis, spaud\u017eiant juos ant raumen\u0173. Raumenys\u00a0atsipalaiduoja, audiniai su\u0161yla. D\u0117l to i\u0161siple\u010dia kraujagysl\u0117s, pagerinamas audini\u0173 apr\u016bpinimas krauju, deguonimi.<\/p>\n\n\t\t<\/div>\n\t\t\t\t\n<style>\n#col-1138508626 > .col-inner {\n  margin: 0px 0px -29px 0px;\n}\n<\/style>\n\t<\/div>\n\n\t\n\n\t<div id=\"col-204692930\" class=\"col medium-3 small-12 large-3\"  >\n\t\t\t\t<div class=\"col-inner\"  >\n\t\t\t\n\t\t\t\n\n<h3 style=\"text-align: center;\"><strong>60 min. &nbsp; Kaina: 42,00 \u20ac<\/strong><\/h3>\n\n\t\t<\/div>\n\t\t\t\t\n<style>\n#col-204692930 > .col-inner {\n  margin: 0px 0px -42px 0px;\n}\n<\/style>\n\t<\/div>\n\n\t\n\n<\/div>\n<div class=\"is-divider divider clearfix\" style=\"margin-top:1.3em;margin-bottom:1.3em;max-width:100%;height:1px;background-color:rgb(46, 46, 46);\"><\/div>\n\n<div class=\"row align-middle align-center\"  id=\"row-18907892\">\n\n\n\t<div id=\"col-50709666\" class=\"col small-12 large-12\"  >\n\t\t\t\t<div class=\"col-inner\"  >\n\t\t\t\n\t\t\t\n\n<p><strong>Vaisi\u0173, medaus, \u0161okolado k\u016bno masa\u017eo metu rekomenduojame \u012fvyniojimo ritual\u0105<\/strong>. \u012evyniojimo metu \u017emogaus k\u016bnas padengiamas proced\u016bros metu naudojama med\u017eiaga, kuri \u012fsiskverbia \u012f organizm\u0105 j\u012f gydo ir maitina. Trukm\u0117: 15 min. Kaina: 10,00 \u20ac<\/p>\n\n\t\t<\/div>\n\t\t\t\t\n<style>\n#col-50709666 > .col-inner {\n  margin: 10px 0px -29px 0px;\n}\n<\/style>\n\t<\/div>\n\n\t\n\n<\/div>\n<div class=\"is-divider divider clearfix\" style=\"margin-top:1.3em;margin-bottom:1.3em;max-width:100%;height:1px;background-color:rgb(46, 46, 46);\"><\/div>\n\n<div class=\"row\"  id=\"row-925583167\">\n\n\n\t<div id=\"col-1010345661\" class=\"col medium-3 small-6 large-3\"  >\n\t\t\t\t<div class=\"col-inner\"  >\n\t\t\t\n\t\t\t\n\n\t<div class=\"box has-hover   has-hover box-text-bottom\" >\n\n\t\t<div class=\"box-image\" >\n\t\t\t\t\t\t<div class=\"\" >\n\t\t\t\t<img loading=\"lazy\" decoding=\"async\" width=\"400\" height=\"263\" src=\"https:\/\/spasiauliai.lt\/wp-content\/uploads\/2019\/08\/ranksluosciu-nuoma.jpg\" class=\"attachment-original size-original\" alt=\"\" srcset=\"https:\/\/spasiauliai.lt\/wp-content\/uploads\/2019\/08\/ranksluosciu-nuoma.jpg 400w, https:\/\/spasiauliai.lt\/wp-content\/uploads\/2019\/08\/ranksluosciu-nuoma-300x197.jpg 300w\" sizes=\"auto, (max-width: 400px) 100vw, 400px\" \/>\t\t\t\t\t\t\t\t\t\t\t<\/div>\n\t\t\t\t\t<\/div>\n\n\t\t<div class=\"box-text text-center\" >\n\t\t\t<div class=\"box-text-inner\">\n\t\t\t\t\n\n<h4>Rank\u0161luos\u010dio nuoma \u2013 1\u20ac<\/h4>\n\n\t\t\t<\/div>\n\t\t<\/div>\n\t<\/div>\n\t\n\n\t\t<\/div>\n\t\t\t\t\n<style>\n#col-1010345661 > .col-inner {\n  margin: 0px 0px -28px 0px;\n}\n<\/style>\n\t<\/div>\n\n\t\n\n\t<div id=\"col-216457779\" class=\"col medium-3 small-6 large-3\"  >\n\t\t\t\t<div class=\"col-inner\"  >\n\t\t\t\n\t\t\t\n\n\t<div class=\"box has-hover   has-hover box-text-bottom\" >\n\n\t\t<div class=\"box-image\" >\n\t\t\t\t\t\t<div class=\"\" >\n\t\t\t\t<img loading=\"lazy\" decoding=\"async\" width=\"400\" height=\"263\" src=\"https:\/\/spasiauliai.lt\/wp-content\/uploads\/2019\/08\/slepeciu-nuoma.jpg\" class=\"attachment-original size-original\" alt=\"\" srcset=\"https:\/\/spasiauliai.lt\/wp-content\/uploads\/2019\/08\/slepeciu-nuoma.jpg 400w, https:\/\/spasiauliai.lt\/wp-content\/uploads\/2019\/08\/slepeciu-nuoma-300x197.jpg 300w\" sizes=\"auto, (max-width: 400px) 100vw, 400px\" \/>\t\t\t\t\t\t\t\t\t\t\t<\/div>\n\t\t\t\t\t<\/div>\n\n\t\t<div class=\"box-text text-center\" >\n\t\t\t<div class=\"box-text-inner\">\n\t\t\t\t\n\n<h4>\u0160lepe\u010di\u0173 nuoma \u2013 1\u20ac<\/h4>\n\n\t\t\t<\/div>\n\t\t<\/div>\n\t<\/div>\n\t\n\n\t\t<\/div>\n\t\t\t\t\n<style>\n#col-216457779 > .col-inner {\n  margin: 0px 0px -28px 0px;\n}\n<\/style>\n\t<\/div>\n\n\t\n\n\t<div id=\"col-1646055207\" class=\"col medium-3 small-6 large-3\"  >\n\t\t\t\t<div class=\"col-inner\"  >\n\t\t\t\n\t\t\t\n\n\t<div class=\"box has-hover   has-hover box-text-bottom\" >\n\n\t\t<div class=\"box-image\" >\n\t\t\t\t\t\t<div class=\"\" >\n\t\t\t\t<img loading=\"lazy\" decoding=\"async\" width=\"400\" height=\"263\" src=\"https:\/\/spasiauliai.lt\/wp-content\/uploads\/2019\/08\/chalatu-nuoma.jpg\" class=\"attachment-original size-original\" alt=\"\" srcset=\"https:\/\/spasiauliai.lt\/wp-content\/uploads\/2019\/08\/chalatu-nuoma.jpg 400w, https:\/\/spasiauliai.lt\/wp-content\/uploads\/2019\/08\/chalatu-nuoma-300x197.jpg 300w\" sizes=\"auto, (max-width: 400px) 100vw, 400px\" \/>\t\t\t\t\t\t\t\t\t\t\t<\/div>\n\t\t\t\t\t<\/div>\n\n\t\t<div class=\"box-text text-center\" >\n\t\t\t<div class=\"box-text-inner\">\n\t\t\t\t\n\n<h4>Chalat\u0173 nuoma \u2013 3\u20ac<\/h4>\n\n\t\t\t<\/div>\n\t\t<\/div>\n\t<\/div>\n\t\n\n\t\t<\/div>\n\t\t\t\t\n<style>\n#col-1646055207 > .col-inner {\n  margin: 0px 0px -28px 0px;\n}\n<\/style>\n\t<\/div>\n\n\t\n\n\t<div id=\"col-926193582\" class=\"col medium-3 small-6 large-3\"  >\n\t\t\t\t<div class=\"col-inner\"  >\n\t\t\t\n\t\t\t\n\n\t<div class=\"box has-hover   has-hover box-text-bottom\" >\n\n\t\t<div class=\"box-image\" >\n\t\t\t\t\t\t<div class=\"\" >\n\t\t\t\t<img loading=\"lazy\" decoding=\"async\" width=\"400\" height=\"263\" src=\"https:\/\/spasiauliai.lt\/wp-content\/uploads\/2019\/08\/paklodziu-nuoma.jpg\" class=\"attachment-original size-original\" alt=\"pirtis \u0161iauliuose\" srcset=\"https:\/\/spasiauliai.lt\/wp-content\/uploads\/2019\/08\/paklodziu-nuoma.jpg 400w, https:\/\/spasiauliai.lt\/wp-content\/uploads\/2019\/08\/paklodziu-nuoma-300x197.jpg 300w\" sizes=\"auto, (max-width: 400px) 100vw, 400px\" \/>\t\t\t\t\t\t\t\t\t\t\t<\/div>\n\t\t\t\t\t<\/div>\n\n\t\t<div class=\"box-text text-center\" >\n\t\t\t<div class=\"box-text-inner\">\n\t\t\t\t\n\n<h4>Paklod\u017ei\u0173 nuoma \u2013 2\u20ac<\/h4>\n\n\t\t\t<\/div>\n\t\t<\/div>\n\t<\/div>\n\t\n\n\t\t<\/div>\n\t\t\t\t\n<style>\n#col-926193582 > .col-inner {\n  margin: 0px 0px -28px 0px;\n}\n<\/style>\n\t<\/div>\n\n\t\n\n\t<div id=\"col-1220235321\" class=\"col small-12 large-12\"  >\n\t\t\t\t<div class=\"col-inner\"  >\n\t\t\t\n\t\t\t\n\n<p style=\"text-align: center;\">Esant poreikiui teikiame \u0161i\u0173 produkt\u0173 nuom\u0105 ir pardavim\u0105. Nor\u0117dami sutaupyti pasir\u016bpinkite \u0161iais dalykais prie\u0161 atvykdami pas mus.<\/p>\n\n\t\t<\/div>\n\t\t\t\t\n<style>\n#col-1220235321 > .col-inner {\n  margin: 0px 0px -74px 0px;\n}\n<\/style>\n\t<\/div>\n\n\t\n\n<\/div>","protected":false},"excerpt":{"rendered":"","protected":false},"author":1,"featured_media":0,"parent":0,"menu_order":0,"comment_status":"closed","ping_status":"closed","template":"","meta":{"footnotes":""},"class_list":["post-1000","page","type-page","status-publish","hentry"],"_links":{"self":[{"href":"https:\/\/spasiauliai.lt\/index.php?rest_route=\/wp\/v2\/pages\/1000","targetHints":{"allow":["GET"]}}],"collection":[{"href":"https:\/\/spasiauliai.lt\/index.php?rest_route=\/wp\/v2\/pages"}],"about":[{"href":"https:\/\/spasiauliai.lt\/index.php?rest_route=\/wp\/v2\/types\/page"}],"author":[{"embeddable":true,"href":"https:\/\/spasiauliai.lt\/index.php?rest_route=\/wp\/v2\/users\/1"}],"replies":[{"embeddable":true,"href":"https:\/\/spasiauliai.lt\/index.php?rest_route=%2Fwp%2Fv2%2Fcomments&post=1000"}],"version-history":[{"count":8,"href":"https:\/\/spasiauliai.lt\/index.php?rest_route=\/wp\/v2\/pages\/1000\/revisions"}],"predecessor-version":[{"id":1010,"href":"https:\/\/spasiauliai.lt\/index.php?rest_route=\/wp\/v2\/pages\/1000\/revisions\/1010"}],"wp:attachment":[{"href":"https:\/\/spasiauliai.lt\/index.php?rest_route=%2Fwp%2Fv2%2Fmedia&parent=1000"}],"curies":[{"name":"wp","href":"https:\/\/api.w.org\/{rel}","templated":true}]}}